+ 0*c**2 - c + 0*c - 1. Let h = 0 + 3. Suppose h*y - 10 = 8*y. Give q(y).
-3
Suppose 0 = -0*y - 3*y. Let b(z) = 2 + y - 3 + 6*z. Suppose 5*f + 0*f + 5 = 0. Determine b(f).
-7
Let v(o) = -3*o**2 + 7*o + 5. Let q(r) = 7*r**2 - 15*r - 10. Let g(i) = 4*q(i) + 9*v(i). Calculate g(-4).
9
Let h(i) = -2*i - 1. Let b be (-378)/78 - 2/13. What is h(b)?
9
Suppose 2*y = -2*y + 12. Suppose -a - y = -4*a. Let o(h) = -5*h**2 - 878*h + 878*h. Determine o(a).
-5
Suppose 3 = 3*w + d - 1, 5*w - d - 20 = 0. Let a be 1 + 0/(-2 - -3). Let p(c) = 3*c + a - c**w - 2 - 2*c. Give p(1).
-1
Let a(w) = -w**2 - 4*w + 4. Let k be (-18)/24 + (-103)/(-4). Suppose n = -4*n - k. Give a(n).
-1
Let f(v) = -4 + 4*v + 0 - 1 - 3*v. Determine f(0).
-5
Let t(w) = -6*w**3 + 3*w**2 - w - 1. Suppose 0 = -5*b + 16 + 9. Let q(h) = 7*h**3 - 4*h**2 + 2*h + 2. Let j(m) = b*q(m) + 6*t(m). Let c = 2 - 5. Determine j(c).
1
Let a(m) = -18*m**2 + 33*m**2 - 3 + 5 - 13*m**2 - 4*m. Suppose -5*r + i + 7 = 0, -3*r - 4*i + 12 = -2*i. What is a(r)?
2
Let f(u) = 7*u - 3*u + 3 - u. Suppose a - 2 = -o - 9, 2*o = -4*a - 24. Calculate f(o).
-3
Let r = 12 + -9. Let j(m) = -2*m**2 - 3*m**3 + 4*m**r - 3*m**3 + 0*m**3 + 1. Give j(1).
-3
Let j(h) be the first derivative of -h**3/3 + 3*h**2/2 + h - 4. Let o be j(4). Let i be 14/(-10) - o/(-5). Let s(r) = -r**2 - 5*r - 2. What is s(i)?
4
Let s(i) = -4*i - 11. Suppose z + 4*z = -25. Let q(m) = 2*m + 5. Let d(p) = z*q(p) - 2*s(p). Let n be (4/3)/(18/(-27)). Calculate d(n).
1
Let t(a) be the second derivative of a**5/20 - a**4/6 + a**3/6 - a**2 + 40*a. Give t(2).
0
Let r(m) = m + 0 + 2 + 0*m - m**2. Let u(h) = -h + 4. Let z be u(6). Let p(k) = -k**3 - 3*k**2 - 3*k. Let y be p(z). Give r(y).
0
Let j(r) = -r**2 + r + 1. Let s(x) = -5*x**2 + 2*x + 9. Let z(h) = -6*j(h) + s(h). Let b = 5 - 3. Let g be (b/(-6))/(4/(-36)). Determine z(g).
0
Let y(a) = 5*a + 14. Let q be y(-3). Let o(f) = -15*f**3 - f**2 - f. Calculate o(q).
15
Let k be (1 + -4)*(-12)/18. Let z = k - 6. Let p(y) = y**2 + 3*y + 1. What is p(z)?
5
Let l = -12 - -14. Let c(p) = 5*p - 3. Determine c(l).
7
Suppose -4*t - 5 = -5*j - 11, 0 = -5*j + 3*t - 2. Let z(n) be the second derivative of -n**3/6 - n**2/2 - 11*n. What is z(j)?
-3
Suppose 2*k = -2*k. Suppose 12 = -u + 4*y, -8 = -5*u + 2*y + 4. Let r(o) = 2*o + 0*o - 12 + u - o. What is r(k)?
-8
Suppose 0*w - x - 26 = 5*w, -3*w + 5*x - 10 = 0. Let i(s) = s**3 + 6*s**2 + 5*s + 3. Calculate i(w).
3
Suppose -2*m = -5*m + 555. Let f be m/35 - (-4)/(-14). Let x(d) be the third derivative of -d**4/24 + 7*d**3/6 + 2*d**2. Determine x(f).
2
Let c(g) = 3*g**2 - 3*g - 1. Let r(n) = n**2 - n. Let p(x) = -c(x) + 2*r(x). What is p(1)?
1
Let z(p) be the second derivative of -p**3/3 - p**2 - 2*p. Let n(b) = b**2 + 9*b + 10. Let y be n(-7). Determine z(y).
6
Let p(s) = -s - 3. Let u be p(-5). Let g(v) be the third derivative of v**6/120 - v**4/24 + v**3/6 - v**2. What is g(u)?
7
Suppose -q + 40 = 3*q. Suppose -q = 3*c + 5. Let a(o) = 0 + o + 2 + 0. Determine a(c).
-3
Suppose 8 = 4*a - 5*b, 0 = 2*a + 6*b - b - 4. Let k(o) = 4*o**2 - 3*o**2 + 1 - 2 + a*o - 3*o. Determine k(0).
-1
Let f(j) = -j**2 + 2*j + 1. Let y be (-2)/8 - 63/(-28). Let z be 2*(-3 + y)*1. Determine f(z).
-7
Suppose i = 6 - 2. Let p(d) be the second derivative of 1/2*d**2 - 5/12*d**4 + 1/3*d**3 + 0 + 1/20*d**5 - 3*d. Calculate p(i).
-7
Let o(v) = -4*v**2 - 1. Let n be o(1). Let b(a) = -a - 6. What is b(n)?
-1
Let g(c) = c + 3. Let a(f) = -4*f - 37. Let s be a(-10). Give g(s).
6
Let r(j) be the second derivative of -j**3/6 + 5*j**2/2 - 2*j. Let h be r(3). Let b = 3 + h. Let o(l) = -l**3 + 6*l**2 - 5*l + 3. Calculate o(b).
3
Let l be 6/2 + 126/(-6). Let y be (6/(-4))/(l/(-48)). Let i(w) = 0 + 6*w + 1 - 4*w. Calculate i(y).
-7
Suppose 2*p = -3*o + 3, 0 = 4*p + 3*o + 1 - 10. Let c(b) = 2*b**2 - 3*b**2 - 3*b**2 + b - p*b**2. Determine c(-1).
-8
Let b(z) be the third derivative of -z**4/24 + 7*z**3/6 + z**2. Suppose 0 = -5*a - 9 - 16. Give b(a).
12
Let d(p) be the third derivative of -p**6/60 + p**4/8 - p**3/6 - 60*p**2. Give d(2).
-11
Let x(i) = -9*i**2 + i + 6*i**2 + 3*i**2 + 7*i**2. What is x(-1)?
6
Let j(k) = -k + 6. Let z be j(6). Let a(s) = -s**2 - 11. Give a(z).
-11
Let d(m) = -m**2 + 12*m. Let r be d(10). Suppose 3*f - 2 = 4*k - 12, 2*f - r = -4*k. Let l(t) = -1 + t**3 + 2*t - 2 - 3*t**f + 0. Give l(2).
-3
Let c(u) be the first derivative of -u**5/60 + u**4/4 - u**3 - 1. Let g(b) be the third derivative of c(b). Determine g(4).
-2
Let s be -5*(5 + -4)/(-1). Let c(k) be the second derivative of k**5/20 - 5*k**4/12 + 3*k**2/2 - 4*k. What is c(s)?
3
Let v(h) = 2*h**2 + 4*h + 2. Let l be v(-2). Let r(t) = -4 + 2*t**3 - 2*t**3 + l*t**3 + 4*t**2 - 2*t - 3*t**3. Calculate r(3).
-1
Let a be -2*(-2)/2 + 0. Let i = 0 + a. Suppose 4*f = 3*f + i. Let s(k) = -2*k**2 + 2*k + 1. What is s(f)?
-3
Let j(g) = -2*g**2 + 3*g - 3. Let h(v) be the second derivative of -v**4/4 + 7*v**3/6 - 3*v**2 + 4*v. Let t(q) = -3*h(q) + 5*j(q). Calculate t(-5).
8
Let b(l) be the third derivative of 0*l - 1/6*l**4 + 0*l**3 - 1/60*l**5 - 4*l**2 + 0. Suppose -n + 4*y = -2*n, -3*n - y = 11. Determine b(n).
0
Suppose 1 = -3*j + 4. Suppose -2*d + j = -1. Let z = 1 - d. Let s(b) = -b**2 - 4. Determine s(z).
-4
Suppose -4*o + o = -3. Let s(m) = 3*m + 5*m**2 + 0 - m**3 - 2*m**2 - m - o. What is s(3)?
5
Let w = -17 - -15. Let y = 0 - -2. Let j(d) = -4 + 4 + y*d. Give j(w).
-4
Let z(q) = q + 1. Let k = 12 + -10. What is z(k)?
3
Let m(x) = x**2 - x - 2. Let r(w) = -w**2 + 5*w - 4. Let t be r(3). Suppose -4*b + j + 24 = -j, -2*b - t*j = -18. Let h = -9 + b. Give m(h).
4
Let x be -5 + (-2 - 8/(-2)). Let q(h) = 10*h**2 - 20*h**2 - 3*h + 69 + 9*h**2 - 67. Give q(x).
2
Let v(s) = -2*s**2 + 2*s + 1. Let u be 3/(9/(-6) - -3). Suppose -u*q = -p, q = 2*q - 5*p + 18. What is v(q)?
-3
Suppose 5*v + 2 = 7. Let k be 2/4 + (-9)/(-6). Let l(r) = -2 + k - 7*r + 1. Give l(v).
-6
Let x(j) = 0*j**3 + j**3 + 147 - 149 - 4*j**2 + 2*j. Let s be (-2 - 0)*(-1 - 0). What is x(s)?
-6
Let b(p) be the third derivative of p**4/24 - p**3/6 + 6*p**2. Determine b(5).
4
Let o(b) = -2*b - 3. Suppose -6*c + 2*c + 60 = 0. Let m = 9 - c. Calculate o(m).
9
Let z be (-3)/9*(-2 - 1). Let s(g) = g + 1. Determine s(z).
2
Let n(w) = -5*w**2 + 10*w - 7. Let b(q) = -9*q**2 + 19*q - 14. Let s(c) = 6*b(c) - 11*n(c). Let u(d) = d**2 + 5*d - 6. Let i be u(-5). What is s(i)?
5
Let z(i) = -i**3 + 6*i**2 - 5*i - 6. Let y = -9 - -13. Suppose l - 6*l = 10, -18 = -2*w + y*l. Calculate z(w).
-6
Suppose -2*b + 3 = -3*b. Let a be ((-2)/b)/(2/6). Let o(q) = -4*q + q**3 + 4*q**2 - 4 + 1 - q**a. Calculate o(-3).
9
Suppose 0*t = t - 1. Let b(k) = 14*k + 23. Let u(x) = -x + 9 - 1 + 6*x + 0*x. Let l(i) = 6*b(i) - 17*u(i). Give l(t).
1
Let h(j) = 4*j + 26. Let g be h(-7). Let b(x) = -x**2 + 2*x + 3. Calculate b(g).
-5
Let f be (0*2/4)/(-2). Let x(p) be the first derivative of p**3/3 + p**2/2 + 4*p + 2. Calculate x(f).
4
Let b(o) be the third derivative of o**4/24 + 2*o**3/3 + o**2. Suppose k + 3 - 2 = -i, -i = -k + 7. Suppose -4*m - 3 = k*l, 5*l + 40 = m + 12. Give b(l).
-1
Let i(g) = g**2 + 5*g + 2. Suppose -2*w = 1 + 7. Let j be i(w). Let u be 5*j*(-2)/(-4). Let d(a) = a**3 + 5*a**2 - 5. Give d(u).
-5
Let l(r) = -13 + 3 + r + 5. Give l(11).
6
Let a(g) = -g**2 - 2*g - 1. Let c = 1 + 0. Suppose -b + c = 2. Give a(b).
0
Let l(x) = 2*x + 2. Let w(a) = -3*a - 3. Let k(s) = -5*l(s) - 4*w(s). Let j(n) = 2*n - 5. Let c be (-6)/3 + (5 - -1). Let h be j(c). Calculate k(h).
8
Let h(i) be the second derivative of i**5/20 + 5*i**4/12 - 5*i**3/6 + i**2 - 4*i. Determine h(-6).
-4
Suppose -5*b - 3 = -4*b. Let u be b + (-1 - -1) - 1. Let n(d) = d**2 + 5*d + 1. Calculate n(u).
-3
Let d(t) = -t. Suppose -4 = 3*p + p. Suppose -4*l = x - 2*x - 2, 0 = -3*x - l + 20. Let i be x*(p - (-2)/4). Calculate d(i).
3
Let x(a) = -a**2 - 2. Suppose -152*d = -156*d. Determine x(d).
-2
Let c(n) = -5 + n**3 + 1 + 1 - 2*n**2 + 8*n**2. What is c(-6)?
-3
Let t(g) = -g**2 - g + 3. Suppose -q + 2*o - 6 = 0, -q = 3*o - 10 + 1. Let k be q/((3/3)/1). Determine t(k).
3
Let q(k) = k. Let x be q(-5). Let z(u) be the first derivative of u**3/3 + 5*u**2/2 + 5*u + 1. Determine z(x).
5
Suppose 6 = -5*m - 24. Let o(f) = -f - 3. Let n(h) = 3*h + 8. Let c(l) = 4*n(l) 